te a(j).
11
Let l(y) = y**3 + 4*y**2 - 5*y - 3. Suppose 3*u + 14 = -0*u - p, 0 = 4*u - 4*p + 24. Determine l(u).
-3
Let q(j) = -9*j - j**2 + 4*j - 3 + 1 + 4*j + 3 - 4*j**3. What is q(-2)?
31
Let d(j) = -j**2 - 1. Let c = -67 - -107. Let v = c - 40. What is d(v)?
-1
Let d(b) = b**2 - 6*b - 11. Suppose -3*l + 23 = 5*p, 5*l - 4*p - 29 - 71 = 0. Suppose 18 = 2*x - v, 3*x + 2*v = -2*v + l. What is d(x)?
5
Suppose 0 = 6*x + 4*u + 56 - 80, -3*u = 2*x - 8. Let g(f) = -f**3 + 2*f**2 - 4. Give g(x).
-36
Let y(m) = -m. Suppose -4*a + 18 = 50. Let n = -4 - a. Suppose -15 = -n*c + 4*d - 3, -d = 5*c + 15. Determine y(c).
2
Let o(y) = -y - 1. Let j be o(3). Let h = 109 + -90. Let n(b) = -5*b - b**3 + 31 - 16 - 4*b**2 - h. Calculate n(j).
16
Let n(z) be the first derivative of 5/2*z**4 - 1/2*z**2 + 0*z**3 + 0*z + 22. Give n(-1).
-9
Suppose -3*p + 27 = 4*w, -7*w + 2*w = -2*p - 5. Let h(m) = 8*m**3 + 6*m**w - 12*m**3 + 1. Determine h(-1).
-1
Let g(j) = -1 - 4*j + 0*j + 2*j + j**2. Let x = 5467 + -5463. Calculate g(x).
7
Suppose y - 2*g - 2 = -6*g, 0 = y - 4*g - 2. Let o(s) = -y*s**2 + 0*s + 3*s - 5*s + 2. Let w = -1 + -1. What is o(w)?
-2
Let k = 11 + -23. Let o = 16 + k. Let m(z) = z - 6. Let s be m(o). Let a(w) = -w**3 + 2*w + 3. What is a(s)?
7
Let g = 6 + -11. Let n(u) = 40*u**2 + 8*u + 1. Let v(r) = -93*r**2 - 17*r - 1. Let o(s) = 7*n(s) + 3*v(s). Determine o(g).
4
Let v(w) = 6*w + 6. Let f(q) = 5*q + 5. Let b(s) = -7*f(s) + 6*v(s). Let j be (6/(-4))/(9/(-12)). Let u be 2/j + 8 + -12. Give b(u).
-2
Let n(x) = 4*x**2 + 6*x + 3. Let d be n(-2). Let i(j) = -2*j - 3. Let o(q) = -q - 2. Let l(z) = d*o(z) - 4*i(z). What is l(6)?
4
Let c(n) = -n**2 + 2*n + 1. Let z = -8 + 10. Let p be c(z). Let r = -3 + p. Let g(a) = 2*a**3 + 2*a**2 - 2*a - 1. What is g(r)?
-5
Let p be (-7)/(-2) + (-2)/4. Let r(f) = 4*f**3 - p*f**3 + 3*f**2 - 6 + f + 3*f**2 - 2*f**3. Let a be 2/(-22) + (-201)/(-33). Determine r(a).
0
Let x(t) = -t. Suppose -9*w + 14 = -31. Suppose a - 10 = -5*h, w*a - 4*h = 3*a - 8. What is x(a)?
0
Let j(p) = 124*p + 6. Let y(h) = 17*h + 1. Let g(s) = 3*j(s) - 22*y(s). Suppose 0 = -3*x, -4*x + 4 = 2*l - 0*x. Suppose 3*b + l*b = -15. Give g(b).
2
Let b(l) = -45*l + 6 - 47*l - 54*l + 2*l**2 + 153*l. Calculate b(-4).
10
Suppose -5*z + 24 = -4*v + 51, -4*v + 12 = 0. Let w(o) = 3*o - 3. What is w(z)?
-12
Let s be ((-2)/3)/(1/(-33)). Let y = s - 33. Let z = y - -14. Let l(n) = 3*n - 1. Give l(z).
8
Suppose -6*u + 3*u = -138. Suppose 10*b - u = 4. Let z(f) be the second derivative of -f**3/6 + 3*f**2/2 - 2*f. Determine z(b).
-2
Let m(r) be the second derivative of -9*r**5/20 - r**4/12 - r. Let v = 381 - 382. What is m(v)?
8
Let j be (-15)/(-4) + 1/4. Let o(s) be the third derivative of -s**5/60 + s**4/6 + 5*s**3/6 - 13*s**2. Calculate o(j).
5
Let a = 2 - -4. Let n(s) be the first derivative of a*s - 3*s + 0*s - 2*s - 2 + s**2. Determine n(-4).
-7
Let p(j) = -3*j - 7. Let y(d) = d**2 - 2*d - 29. Let o be ((-18)/(-21))/(-1 - 40/(-35)). Let a be y(o). Determine p(a).
8
Let j be ((-12)/(-180)*-5)/((7/(-12))/(-7)). Let h(o) = 2 + 6*o - 2*o - o. What is h(j)?
-10
Let r = 74 - 82. Let m(v) = -v**2 - 7*v + 14. Give m(r).
6
Suppose -329*i - 2 = -330*i. Suppose -5*a + 6 = -9. Let s(z) = -2*z - 8*z**a + i*z + 7*z**3 + 2*z - 2 - 3*z**2. Calculate s(-3).
-8
Let n(p) = -2*p - 3. Let w(y) = y**2 - 6*y - 19. Let o be w(9). Suppose 5*f = o*f + 5*d - 7, 2*d + 14 = 3*f. Suppose -18*v = -16*v + f. Give n(v).
1
Let p(j) be the third derivative of j**4/3 - 2*j**3/3 - 51*j**2. Give p(1).
4
Let h(p) = p**2 - 8*p + 10. Suppose -122*c + 24 = -119*c. Determine h(c).
10
Let h(x) = x**3 - 22*x**2 + 27*x - 111. Let t be h(21). Let r(c) = c**2 - 18*c + 39. Calculate r(t).
-6
Let b(g) = -7*g**3 - g**2 - g. Let l(v) = 38*v**2 - 2*v + 1. Let i(w) = w**3 + 15*w**2 + 13*w - 13. Let c be i(-14). Let y be l(c). Let s = 36 - y. Give b(s).
7
Let v(q) = -q**3 + 6*q**2 - 5. Let w(a) = -a**3 - a**2 + 1. Let j(k) = v(k) + 5*w(k). Give j(-1).
7
Let q(i) = -i**2 - 3*i + 10. Let x be q(-5). Let w(n) = -n**2 + 2*n + 28. Determine w(x).
28
Let d = 24 - 33. Let t be (-3)/9 + (-48)/d. Let z(b) = -b - 1. What is z(t)?
-6
Suppose -8 + 1 = -z. Suppose 0*q + 5*q = 0. Suppose q = -3*u + z*u - 4. Let f(x) = -5*x - 1. Determine f(u).
-6
Let w(l) = 5*l**3 - 10*l**2 + l - 11. Let a(s) = -s**3 + 11. Let t be a(0). Let y(b) = b**3 - 2*b**2 - 2. Let n(p) = t*y(p) - 2*w(p). Give n(2).
-4
Let w(g) = g**3 - 4*g**2 + 2*g - 1. Let z = 42 - 35. Suppose -2*j + 4*j = 4*l, 0 = -5*j + 3*l + z. Calculate w(j).
-5
Let h = -290 + 286. Let s(f) = -f**3 - 5*f**2 - 3*f. Give s(h).
-4
Suppose -2*t + 3*t = 2*w + 10, 3*t + 3*w + 6 = 0. Let p(y) = 10 - 7*y - y**3 + 26*y**2 - 5 - 19*y**t. What is p(6)?
-1
Let v(k) be the second derivative of k**4/6 - 13*k**3/6 + 2*k**2 - 6*k + 13. Give v(9).
49
Let z(x) = -13*x - 35. Let h(b) = -9*b - 24. Let m(p) = 7*h(p) - 5*z(p). What is m(-5)?
-3
Let p(m) = -345*m - 326*m + 717*m. Give p(1).
46
Suppose -s - 3*o - 5 = 0, -s + 4*s + 4*o - 10 = 0. Suppose -s = -j - j. Suppose 2*d - 1 = -j. Let b(a) = -2*a. Determine b(d).
4
Let t(s) = -3*s**3 + 9*s**2 + 23*s + 31. Let b(a) = 2*a**3 - 4*a**2 - 12*a - 17. Let i(f) = 5*b(f) + 3*t(f). Determine i(-5).
13
Let x(c) = 5*c**2 + 3*c + 1. Let d(f) = -9*f**2 - 5*f - 3. Let z(k) = -6*d(k) - 11*x(k). Let q(h) = h**2 + 3*h - 8. Let t(b) = 5*q(b) + 6*z(b). Calculate t(-4).
-2
Let t(q) = -4*q + 12. Let g(a) = -a - 2. Let b(c) = -5*g(c) - t(c). Give b(2).
16
Suppose w - 11 + 7 = 0. Let x(p) = -2*p**2 - 20*p**3 - 3*p**2 + w - p - p**2 + 19*p**3. Determine x(-5).
-16
Let p(c) = c**3 - 4*c**2 - 5*c + 1. Suppose -4 = 2*j - 10. Let i be 48/6 - (0 + j). Calculate p(i).
1
Let d(y) = -2*y**3 - 16*y**2 - 18*y - 26. Let p(g) = g**3 + 8*g**2 + 9*g + 12. Let m(s) = 2*d(s) + 5*p(s). Determine m(-7).
-6
Let y = 3 + 2. Let b = -282 + 285. Suppose -b*q - 6 = -y*q. Let k(t) = t**3 - 4*t**2 + 3*t + 3. Give k(q).
3
Suppose -h - 11 = m, 0 = 4*h - 3*m + 5 + 4. Let l(d) = -6*d + 1. Let v(a) = -a + 1. Let r(k) = -l(k) + 4*v(k). What is r(h)?
-9
Let l(z) = z**3 + 6*z**2 + 2*z + 6. Suppose 0 = 3*t - 13 - 11. Let q = 23 - t. Let m = 9 - q. What is l(m)?
-6
Let l(n) = n**2 + 6*n + 9. Let h = -293 + 288. Give l(h).
4
Let m(q) = q**2 - 3*q - 3. Let y(b) = b**2 - 3*b - 4. Let x(v) = -3*m(v) + 4*y(v). Calculate x(6).
11
Suppose -4*p = 2*m - 0*m - 52, 0 = -4*m + 8. Let r = -11 + p. Suppose -z - 1 = r. Let o(y) = 3*y**2 + 3*y. Determine o(z).
6
Let n(r) be the second derivative of r**4/12 + 2*r. Let b(p) = 3*p**2 + 10*p + 6. Let w(v) = b(v) - 2*n(v). Give w(-8).
-10
Let z(n) be the third derivative of n**4/12 - n**3/3 - 7*n**2. Let b be (-12)/(-66) + 108/11. Let k = 3 - b. Give z(k).
-16
Suppose 10*a + 21 = 17*a. Let m be (6/14)/(10/70). Let d(k) = 5*k - 4*k**2 + 6*k**m + 0*k**3 - 4 - 7*k**a. Give d(-5).
-4
Let c(f) = f**3 + 6*f**2 - f - 2. Let u(l) = 4*l + 2. Suppose 8 = -3*b + 4*b. Suppose b = 9*j - 13*j. Let x be u(j). Calculate c(x).
4
Let i(h) = h**3 + 18*h**2 - 20*h - 13. Let n be i(-19). Let m(u) = 2*u + 5. What is m(n)?
17
Suppose -3*o + 2*j + 19 = 0, -2*o - 3*j + 30 = -0*j. Suppose 0 = -o*a + 5*a - 28. Let n(x) = -x**2 - 5*x - 3. Calculate n(a).
-17
Suppose -46*d + 50*d = -3*s - 38, 2*s = -2*d - 20. Let p = -3 + 5. Let i(w) = 4*w + 2 + 2*w**p + 3 - 3. Give i(s).
2
Let j(f) = 2*f**2 + 3*f - 2. Suppose 4*y + 28 = 4*z, 4*y + 0*y + 5*z - 8 = 0. Calculate j(y).
7
Suppose 0 = 4*w - 5*w. Suppose 45*q - 42*q - 15 = w. Let d(o) = 0 + 0 - 5*o + o**2 + 2. Determine d(q).
2
Suppose 6*u = 3*u. Let v(c) = 1 + u + c**2 + 0*c**2 - 3 + 3*c. Determine v(-3).
-2
Let i be 1 + 2 + -3 - 5. Let c = -2 - i. Let y(f) = 7*f**3 + 11*f**2 - 3*f + 17. Let b(n) = 3*n**3 + 5*n**2 - n + 8. Let r(a) = 9*b(a) - 4*y(a). Determine r(c).
-5
Let b(i) = 2*i**2 + 3*i - 1. Let m(a) = -a**2 - 2*a - 4. Let p be m(-5). Let d = 16 + p. Determine b(d).
8
Let b(q) = -2*q**2 + 29*q - 13. Let c be b(14). Let m(d) = -d**2 + 3*d - 2. What is m(c)?
0
Suppose 0 = -3*s - 2*k - 3, -3*s + 3*k + 2*k + 18 = 0. Let x(y) = s + 3*y + 6*y**3 - 2 + y - 5*y. Give x(-1).
-6
Let r(g) = g + 16 - 7 - 21 + 14. Calculate r(5).
7
Let l(v) = 5*v - 51. Let s be l(11). Let b(m) = -2*m**2 + 4*m + 3. Determine b(s).
-13
Let w(h) = -14*h**3 + 4*h - 1. Let r(y) = -y**3 + y. Let k